19)/17 - -2 - g/136.
0
Let x(y) = -9*y**2 + 2*y + 34. Let h be x(7). Let q = 456 + h. Calculate the remainder when q is divided by 34.
29
Let q = 20 - 4. Let k(r) = -25*r**3 - 4*r**2 - 2*r + 2. What is the remainder when k(-2) is divided by (21/7 + -12)*q/(-6)?
22
Let i = 40 - 37. Let a = 201 + -186. What is the remainder when a is divided by ((-6)/(-2))/i - -2?
0
Suppose 34*q - 36080 = -35604. Calculate the remainder when 23015 is divided by q.
13
Let f be ((-53)/(-106))/((-1)/58). Suppose -3*x - 26 = -x. Let v = x - f. What is the remainder when 31 is divided by v?
15
Let s be 128/20 + -4 - (-8)/(-20). Suppose 0 = -4*p, 4*o + s*p - 501 = 15. Let z = 140 - o. What is the remainder when 129 is divided by z?
8
Let l be (0/(-3))/(6 + -5). Suppose -2*u + l*u = -24. Let x(b) = 19*b**3 - 2*b**2 - 3*b + 5. What is the remainder when x(2) is divided by u?
11
Suppose 0 = -3*w + 3*x + 642, -2*w + 57 = -x - 368. Suppose 5*s = 4*a + 260, 3*a = -5*s - 7 + 302. Calculate the remainder when w is divided by s.
43
Suppose j = 2*h + 2*h + 439, 0 = -4*h - 5*j - 421. Let q = h - -133. What is the remainder when 335 is divided by q?
23
Let r = 2 - 36. Suppose 0 = 4*i + 4*y + 192, 4*i + 5*y = 2*i - 102. Let b = r - i. What is the remainder when 33 is divided by b?
9
Let j be (-6)/8 - (-5 + (-894)/8). Suppose 8*h - 3*h - 110 = -4*y, -4*y = 2*h - j. What is the remainder when 110 is divided by y?
20
Let q(l) = 22*l**3 - 3*l**2 - 17*l + 43. What is the remainder when q(3) is divided by 51?
49
Let f = 98 - 96. Suppose 5*l - 5*y = 435, -l + 4*y - 97 = -f*l. Calculate the remainder when l is divided by 30.
29
Suppose 0 = 2*s + 4*p + 22 + 12, -2*p - 24 = 2*s. Calculate the remainder when 3/s - 10740/(-70) is divided by 31.
29
Let q(p) = 13*p + 86. Let h be q(-11). Calculate the remainder when 12/(-114) - 3369/h is divided by 10.
9
Suppose 170*x = -4*u + 165*x + 88, 40 = 2*u + 3*x. Suppose 6*j = 5*j + 7. What is the remainder when u is divided by j?
4
Suppose 31939 = 179*a - 7136 - 6391. Calculate the remainder when a is divided by 111.
32
Let k(i) = 8*i**2 - 78*i - 390. Calculate the remainder when k(-5) is divided by 190.
10
Let g(r) = r**3 - 14*r**2 + 11*r - 11. Let l be g(13). Let n(a) = 15*a. Let s be n(-2). Let p = s - l. Calculate the remainder when 32 is divided by p.
4
Calculate the remainder when ((-192)/(-160))/(2/1435) is divided by 27.
24
Suppose -2*w = g - 1 - 8, -4*w - 67 = -3*g. Calculate the remainder when 481 is divided by g.
5
Let w(n) = n**2 + 108. Let v(x) = 3*x**2 + 18*x + 11. Let k = -270 - -264. What is the remainder when w(0) is divided by v(k)?
9
Suppose 129 = -k + 362. Let j = k - -11. Calculate the remainder when 7*(j/14 + 0) is divided by 25.
22
Suppose -458*u - 610 = -519*u. Calculate the remainder when 4482 is divided by u.
2
Let d(n) = 10*n**2 + 7*n. Let p be d(9). Let h = 889 - p. Let q = -2 + 7. What is the remainder when h is divided by q?
1
Let t(l) = -1231*l + 2558. Calculate the remainder when 1221 is divided by t(2).
69
Let v(f) = 16*f**3 + f + 105. Let l(r) = -3*r**3 - 21. Let t(q) = -11*l(q) - 2*v(q). Calculate the remainder when t(0) is divided by 8.
5
Calculate the remainder when 279 + -1 + 1 + 15/15 is divided by ((-140)/56)/((-5)/94).
45
Let m = 266 + -277. Suppose -l - 500 = -4*a, -a - 4*l + 3*l + 120 = 0. Calculate the remainder when a is divided by m/((-55)/80)*2.
28
Suppose -2*p = 7*p - 18. Suppose -4*v - 2*r = -0*r - 36, v + p*r = 6. What is the remainder when 38 is divided by v?
8
Suppose -798*f = -799*f + 6. Suppose -12*m + 606 = -f*m. Calculate the remainder when m is divided by 26.
23
Suppose 0 = 3*u + 2*u - 7*u + 1972. Calculate the remainder when u is divided by 77.
62
Suppose 5*u - 2*z + 10 = -0, 3*u + 25 = 5*z. Let w(k) = -k**3 + k**2 - k + 26. What is the remainder when 17/(-2)*(0 - 6/1) is divided by w(u)?
25
Let k(h) = 2*h**2 + 14*h - 2. Let z(r) = -r. Let l(f) = k(f) + 10*z(f). Let x = -4933 + 5043. Calculate the remainder when x is divided by l(3).
26
Suppose 4*h + a - 36 = 0, 2*a = -3*h - 0*a + 32. Let u(s) = -7*s + 75. What is the remainder when u(h) is divided by 12?
7
Suppose -160*w = 1431 - 28791. What is the remainder when 669 is divided by w?
156
Suppose -15*i - 195 = -2*i. What is the remainder when (18/i)/((-12)/440) is divided by 14?
2
Let w(k) = -21 - 14*k - 5 - 3 + k**2 - 12. Suppose 0 = -2*q + 77 + 3. Calculate the remainder when w(20) is divided by q.
39
Calculate the remainder when (-8558)/(-1167)*(29 - (1 + -1 - 1)) is divided by 151.
69
Suppose 5*f - 3*i - 721 = 0, 0*f + 296 = 2*f - 5*i. Suppose c = -135 + f. What is the remainder when 21 is divided by c?
5
What is the remainder when 388 is divided by 193/5 - 2/4*188/(-235)?
37
What is the remainder when 6297 is divided by -7 + (26/(-78))/((-1)/156)?
42
Let a(m) = 4*m**2 + 1971*m - 1969. Let y be (-50)/(-8)*1*4. Suppose n - y = 3. What is the remainder when n is divided by a(1)?
4
Let r = 14235 - 9952. What is the remainder when r is divided by 28?
27
Let c(d) = 10*d - 373 + 27*d + 14*d + 133. Calculate the remainder when 41 is divided by c(5).
11
Let z = 17094 - 11675. Suppose 12*q - 3281 = z. Calculate the remainder when q is divided by 56.
53
Let n = 81 - 45. Suppose 4*j - n = 4*m, -2*j + 32 = j - 4*m. Let o(z) = 17*z**2 - z - 1. What is the remainder when o(1) is divided by j?
3
Suppose -4*b + 3*d = -148, -d = -5*b + 4*b + 38. Suppose 2*f + n + 3*n = -38, 3*f = -4*n - 49. Let u = f - -31. What is the remainder when b is divided by u?
14
Let l = 2591 + -2545. Calculate the remainder when 224 is divided by l.
40
Let a = -314 - -398. Let n(x) = -x**3 - 9*x**2 - 3*x + 6. Let s be n(-5). Let v = -50 - s. What is the remainder when a is divided by v?
26
Calculate the remainder when 167 is divided by (-54)/24 + 49/196 - (-130 + -1).
38
Let o(h) = 2*h**3 + 46*h**2 + 42*h - 29. Calculate the remainder when 32 is divided by o(-22).
2
Suppose -36 = 5*l + l. Let y = 24 + l. Calculate the remainder when y/4*(-882)/(-27) is divided by 25.
22
Suppose -68*q = -77*q + 45. What is the remainder when 11 is divided by 7/((-28)/(-12)) + q?
3
Let g(k) = 2*k**2 - 39*k + 237. What is the remainder when 929 is divided by g(21)?
29
Suppose -f - 123 = -4*f - 3*x, 2*x + 219 = 5*f. Let v = 85490 - 85328. Calculate the remainder when v is divided by f.
33
Let i(x) = 2*x**3 - 84*x**2 - 87*x + 153. What is the remainder when 120 is divided by i(43)?
10
Let t = -438 - -206. Let n = 359 + t. Let o = 141 - n. Calculate the remainder when 39 is divided by o.
11
Let u = 1 + 7. Calculate the remainder when u is divided by -3 + (1 - -6 - 10) - (0 - 13).
1
Calculate the remainder when (17 - 205733/(-165)) + (-4)/(-30) is divided by 628.
8
Suppose 0 = 5*l + 3*x - 80, -43 = -3*l - 4*x - 6. Let p = -40 + 30. Calculate the remainder when l is divided by ((-76)/(-19))/((-1)/p*4).
9
Suppose 0 = x - 33*x + 12864. Let k = -234 + x. What is the remainder when k is divided by 39?
12
Let y = 131 - 128. Suppose -2*q + f + 190 = -0*q, -q + 100 = -y*f. Calculate the remainder when q is divided by 24.
22
Suppose 0 = 806*n - 813*n + 14. Suppose n*w = 15*w - 208. What is the remainder when w is divided by 3?
1
Suppose 15 = -5*h, 6 = 4*c - 2*c + 2*h. Suppose 4*k - 14 = -d, -d + 0*d - 10 = -4*k. What is the remainder when c/4 - 12/((-120)/25) is divided by k?
1
Let v(l) be the first derivative of -l**4/4 + 3*l**2/2 + l - 17. Let j be v(-2). Suppose -j*g = -6 - 51. What is the remainder when g is divided by 7?
5
Suppose 40 + 207 = 66*d - 83. Calculate the remainder when 124 is divided by d.
4
Suppose -10*u + 618579 = 923*u. Suppose 2*c + 442 = 4*w + c, 5*w - 553 = c. Calculate the remainder when u is divided by w.
108
Let s = 87 + 54. Calculate the remainder when s is divided by (7 + (-938)/56)/((-3)/4).
11
Let m = -13707 - -14903. Calculate the remainder when m is divided by 1190.
6
Suppose 4*s - 48 = -v + 7, 3*v = -s + 99. What is the remainder when 126 is divided by v?
2
Suppose 11*x + 2*w = 28299, 9*x - 2569 = 8*x - 2*w. Calculate the remainder when x is divided by 117.
116
Let s = -697 + 1308. Suppose -963146 = 47*h - 963945. What is the remainder when s is divided by h?
16
Suppose 15*r - 12*r = -5*z + 84, -4*z + 3*r = -105. What is the remainder when 7705 is divided by z?
19
Let j(z) = -